st common factor of o and 26?
13
Let r = 782 - 389. Suppose -2*m = -0*m - 3*q - r, 0 = -m + q + 195. What is the greatest common factor of 24 and m?
24
Let d(z) = 468*z**2 + z. Let y be d(-1). Suppose -3*c + y = 4*x, -3*c + c = 6. Let r = 628 - 611. Calculate the greatest common factor of r and x.
17
Let h = 43 + -36. Suppose 3*p - 3*i - 105 = 0, -5*p - 4*i + h*i + 173 = 0. What is the highest common divisor of 85 and p?
17
Let c = 13 + -11. Suppose -25 = -7*r + c*r. Suppose -265 = -r*u + 4*k + k, 4*u + 3*k - 219 = 0. Calculate the highest common divisor of 6 and u.
6
Let n(t) = -t**3 + 3*t**2 - 3*t + 5. Let z be 0/1 - (3 - (-8 - -13)). Let y be n(z). What is the greatest common divisor of 21 and y?
3
Let x(m) be the first derivative of -m**4/4 - 4*m**3/3 + 7*m**2/2 - m - 9. Let f be x(-6). What is the greatest common factor of 58 and f?
29
Let w be -72*-2*(-6)/(-24). Calculate the highest common factor of w and 414.
18
Let t(i) = -1 - 11 + 8 - 112*i. Let s be t(-2). Calculate the greatest common divisor of 20 and s.
20
Let o(n) = 10*n + 224. Let i be o(-13). What is the highest common divisor of 329 and i?
47
Let m(y) = 17*y**2 - 3*y + 2. Let x be m(2). Let q = -193 - -416. Suppose -220*k + q*k = 48. Calculate the highest common divisor of x and k.
16
Let z = 10 + -8. Suppose 7*j = z*j. Suppose 5*r + 2*m - 6*m - 151 = j, 12 = -3*m. What is the highest common divisor of 54 and r?
27
Suppose 5*b - 200 = -3*j, 0 = -4*b + 6*j - 2*j + 160. Suppose 75 + b = 5*h. What is the highest common factor of 115 and h?
23
Suppose 5*o + 2 - 12 = -2*l, 3*o = 2*l - 10. Suppose -l*z + 5*v = -340, -z = 4*z - v - 324. What is the highest common divisor of 8 and z?
8
Suppose -6*f = -399 - 81. Calculate the greatest common divisor of 10 and f.
10
Let q be 1 + 11*(0 - -3). Suppose -2*g + 100 = 3*v - 4*v, -4*g + v = -202. What is the greatest common factor of q and g?
17
Suppose 5*i = 3*d - 11, 55 = 5*d + 2*i - 3*i. Let s be (-56)/(-6) + 1 + d/(-9). What is the greatest common factor of s and 3?
3
Let x(t) = -8 - 13*t + 21*t - 13*t. Let f be x(-5). What is the greatest common factor of f and 68?
17
Let y be 554/(-6) + 6/18. Let a = -47 - y. Calculate the highest common divisor of 180 and a.
45
Suppose -49 - 60 + 85 = -2*p. Let t be (7 + 0)/(2/12). What is the greatest common divisor of t and p?
6
Let y = -768 + 1314. Suppose 21*w = 15*w + y. Suppose r + p = 14, 2*p + 1 - 16 = -r. What is the highest common factor of r and w?
13
Suppose 7*n + 6*n + 143 = 0. Let c = n - -26. Calculate the highest common divisor of c and 45.
15
Suppose 10 = 8*m - 3*m. Suppose -m*w = n - 6, -12 = 2*n + 3*n - 4*w. Suppose 0 = h + 2*l + 2*l - 30, 2*l = n. What is the highest common divisor of h and 210?
30
Let g = 21 + -10. Let f = -54 - -158. Suppose 30 = s - 0*s + 2*x, -4*s - 4*x + f = 0. Calculate the highest common factor of s and g.
11
Let h(v) = 696*v + 16. Let p be h(2). Suppose 0 = -6*x - 5*x + p. What is the greatest common factor of x and 16?
16
Suppose -2*z - 233 = -4*q + 6423, 4*z - 1664 = -q. Calculate the greatest common divisor of 104 and q.
104
Let h = 32 + 58. Suppose -19*d = -30*d - 2112. Let t = -182 - d. Calculate the highest common factor of t and h.
10
Let q = 1493 - 1169. What is the greatest common divisor of 72 and q?
36
Let n(l) = 3*l**2 - 13*l - 34. Let x be n(8). What is the highest common divisor of 90 and x?
18
Let g(p) = -5*p + 13. Let y be g(-3). What is the highest common factor of y and 70?
14
Let f = -35 + 35. Let m be -2 + f + 3 + (12 - 2). What is the highest common divisor of m and 77?
11
Suppose -2*n = -5*n + 21. Suppose 5*f - 34 = n*f. Let b = f + 32. Calculate the highest common factor of b and 15.
15
Let w(z) = 2*z**2 - 5*z + 3. Let c be w(-9). Suppose -40*d = -45*d + c. What is the greatest common divisor of d and 14?
14
Let l(b) = 43*b - 209. Let q be l(5). Let z be (3/2)/((-6)/(-16)). Suppose -143 = -z*t + 121. What is the highest common divisor of t and q?
6
Let q = -1143 + 1735. Calculate the highest common divisor of 32 and q.
16
Let o be 347193/1287 + 6/26. What is the greatest common factor of 702 and o?
54
Let y = -36 - -59. Let h = y + -3. What is the highest common factor of 20 and h?
20
Let u be 192680/600 + 0 + (-6)/45. Calculate the greatest common factor of u and 3.
3
Suppose -b + 491 = 2*p - 2*b, -2 = 2*b. Suppose -7*x - p = -665. What is the greatest common factor of x and 30?
30
Suppose 5*c + 1179 = 4*y + 4*c, -2*c = -4*y + 1178. What is the greatest common factor of 5 and y?
5
Let v = -167 + 203. Let g = -57 + -10. Let p = -13 - g. What is the greatest common divisor of v and p?
18
Let w(g) = -g**2 - 13*g - 1. Let m be w(-8). Suppose 2*q + 5*h = 72, 0*q + 2*q - 64 = -3*h. What is the greatest common factor of q and m?
13
Let f(j) = 4*j + 28. Let a be f(-9). Let q be (-618)/(-8) - (-3 - 26/a). Calculate the greatest common factor of 7 and q.
7
Let t(j) = -6*j + 35. Let c be t(-14). Let a(m) = m**2 - 3*m + 7. Let y be a(5). Calculate the greatest common divisor of y and c.
17
Let w(k) = 171*k + 3. Let z be w(-2). Let g = z - -526. What is the highest common divisor of 17 and g?
17
Suppose -4*w + 4*j + 48 = 0, -4*w = -3*j - 7 - 46. What is the highest common divisor of 459 and w?
17
Let z(f) = -6*f - 3. Suppose 5*n = -2*n - 63. Let h be z(n). What is the highest common divisor of h and 34?
17
Suppose 0 = -6*v - 13*v + 6498. Calculate the greatest common factor of v and 9.
9
Suppose 21*s = 25*s - 288. Suppose -4*q = 4*p - s, 0*q + 4*q = -2*p + 64. Let c be (-158)/(-3)*3 - 4. Calculate the greatest common factor of c and q.
14
Suppose -10*l + 162 + 278 = 0. Calculate the highest common factor of l and 33.
11
Let p = -472 - -791. Suppose 0 = 5*y - 2*w - p, -y + 71 = w - 5*w. Calculate the greatest common divisor of 21 and y.
21
Suppose -g + 2*g - 16 = 0. Suppose -53*a + 54*a - 8 = 0. Calculate the greatest common factor of g and a.
8
Let v(s) be the third derivative of -s**6/60 - s**5/15 - s**4/24 - 5*s**3/6 - 8*s**2. Let z be v(-3). Calculate the highest common factor of z and 16.
16
Let k = -10 + -2. Let v = 20 + k. Let a = v - -37. Calculate the greatest common factor of 5 and a.
5
Let v = -241 + 307. Let x be v*(48/18 + -2). Suppose -4*j - 3*z = -4*z - 444, -432 = -4*j - 2*z. Calculate the highest common factor of j and x.
22
Let h be 260/12 + 5/((-75)/10). Calculate the highest common divisor of h and 14.
7
Suppose -k - q + 2 = -18, -4*q = 3*k - 64. What is the highest common factor of 16 and k?
16
Let g(t) = -t**2 - 19*t + 12. Let y be (3 - 12/3)*15. Let v be g(y). What is the highest common divisor of 18 and v?
18
Suppose -4*h + 3*z = -h - 291, -3*z = h - 105. Let s = 119 - h. What is the highest common factor of s and 80?
20
Suppose 5*v + 42 = 4*b + 11, -4*b + 3*v + 25 = 0. Suppose -b*f + 8 = -4. What is the highest common divisor of f and 3?
3
Suppose -59 = 43*w - 6939. What is the greatest common factor of w and 60?
20
Let m(w) = -w**3 - w**2 + w + 1. Let k be m(-1). Suppose 3*o - 2*u - 10 = k, 0*o - 5*o - 2*u + 6 = 0. Calculate the highest common factor of 3 and o.
1
Let w(d) = -d**3 - 7*d**2 - 6*d + 5. Let r be w(-6). Let b(h) = 4*h**2 - 37*h - 72. Let m be b(11). Calculate the greatest common factor of m and r.
5
Let j(v) = -v**3 + 19*v**2 - 15*v + 3. Let p be j(18). Suppose -g = g - h - 75, -3*g - 4*h + 118 = 0. What is the greatest common divisor of p and g?
19
Suppose -16*j = 100 - 340. Suppose 0 = -2*u + 2*g - 24, 0*u + 3*u = -5*g - 68. Let h = u + 31. Calculate the greatest common divisor of j and h.
15
Let t(b) = -4*b - 72. Let y be 36/(2 - 14/4) - -1. Let a be t(y). Calculate the highest common divisor of a and 20.
20
Suppose -2*h - 270 = -5*h. Let z be ((-216)/30)/(4*7/(-70)). Calculate the highest common divisor of z and h.
18
Let y(d) = 21*d + 326. Let h be y(-6). What is the highest common divisor of 8 and h?
8
Let m(z) = -4 - 12 - 12*z - 2*z + 2. Let l be m(-5). Calculate the highest common factor of 8 and l.
8
Let f(i) = -7*i**2 - 133*i + 1. Let u be f(-19). Calculate the greatest common divisor of u and 118.
1
Let r(q) = 7*q**2 + 3*q - 27. Let h be r(6). What is the greatest common factor of 324 and h?
81
Let q be ((-2)/(-3))/((56/36)/7). Suppose 589 = 5*o - 4*x, -q*o + 5*x + 0*x = -343. What is the highe